he greatest common factor of 2 and f.
2
Let v(c) = -c + 5. Let l be v(-7). What is the highest common factor of l and 84?
12
Let i = 124 + -36. Suppose 5*t - 89 = -34. Calculate the highest common factor of i and t.
11
Let v = -65 + 69. Calculate the highest common divisor of v and 20.
4
Let g(j) = 32*j**2 - j + 1. Let u be g(1). Suppose -7*h + 6*h = -u. Calculate the greatest common factor of h and 4.
4
Suppose 0 = 5*i - 4*y - 0*y - 27, 0 = -3*y + 6. Let a = i + -4. Suppose a*c - 168 = -42. What is the greatest common divisor of c and 6?
6
Suppose 0 = 3*k - 6, -6*k = 2*r - k - 42. Let o be -18 + (0 - (1 - 4)). Let l be (168/o)/(6/(-60)). What is the highest common factor of r and l?
16
Let i = -25 + 15. Let v = i - -16. What is the greatest common factor of v and 3?
3
Let o = -15 - -31. Calculate the highest common divisor of 64 and o.
16
Suppose -6*w + 250 = -w. Suppose 31 + 13 = 3*v - 4*a, -112 = -5*v - 3*a. Calculate the highest common divisor of v and w.
10
Suppose 0*b = -2*b + 550. Calculate the highest common divisor of b and 25.
25
Let f(u) be the third derivative of u**6/60 - u**5/6 + u**4/3 + 2*u**2. Let i be f(6). Let g = i + -84. Calculate the highest common factor of 12 and g.
12
Let z(t) = -t**3 - 8*t**2 - 3*t + 10. Let b be z(-8). What is the greatest common factor of b and 85?
17
Let v(s) be the third derivative of -s**4/24 + s**3/6 - 4*s**2. Let h be v(-5). Let z be (8 - h) + (130 - 0). Calculate the greatest common divisor of 12 and z.
12
Let g(y) = 17*y**2 - 5*y - 4. Let l be g(-1). Calculate the highest common divisor of 126 and l.
18
Suppose 0 = -2*h + h + 6. Let f = 6 + -8. Let x be f/h + (-218)/(-6). What is the greatest common divisor of x and 24?
12
Let p = -87 + 137. What is the highest common divisor of p and 50?
50
Let h = 0 + 3. Suppose -2*y - 392 = -3*n - 0*y, -n + h*y + 140 = 0. Calculate the highest common factor of n and 16.
16
Suppose 0*w + 68 = -4*w. Let m = -4 + 2. Let o = m - w. Calculate the highest common divisor of o and 45.
15
Let r = 9 - 6. Let a(l) = 5*l**2 - 3. Let s be a(r). What is the highest common factor of s and 28?
14
Let u(i) = i**2 + i + 2. Let h be u(0). Suppose 2 = -3*y + h*s + 12, 10 = -2*s. Suppose m = -y*m + 95. Calculate the highest common divisor of 19 and m.
19
Suppose 12 + 2 = r. Let g(s) = s**2 + s + 5. Let z = -14 + 8. Let o be g(z). What is the highest common divisor of o and r?
7
Let w be (-9)/(-4)*(-32)/(-12). Suppose -w*k + 30 = -4*k. Let s = 6 + 9. What is the greatest common divisor of s and k?
15
Let r(l) = -13*l + 2. Suppose 4 = -2*a - 2*w, -w = -5*a - 0*w - 34. Let t be r(a). Calculate the highest common divisor of 32 and t.
16
Suppose n = 2*n. Suppose n*u = -u + 50. Let j = u - 14. What is the greatest common divisor of 4 and j?
4
Let o be 12*((-10)/(-4) - 2). Suppose 0 = 4*u - 6 - o. Suppose -3*v + 0*c = c - 15, 3 = -v - 3*c. Calculate the greatest common divisor of v and u.
3
Let y(h) = -h**3 - 3*h**2 - 9*h - 9. Let s be y(-6). What is the highest common factor of 17 and s?
17
Let q(t) = 2*t**2 - 2*t - 3. Let h(g) = 3*g**2 - 2*g - 3. Let p(l) = 3*h(l) - 4*q(l). Let n be p(-3). What is the greatest common divisor of n and 18?
6
Suppose 4*k - 92 = 328. What is the greatest common factor of 15 and k?
15
Suppose 0 = 5*z + 5, 5*c + 0*z + 2*z = 128. Calculate the greatest common factor of c and 26.
26
Suppose 0 = -3*a + 46 + 17. Suppose 3*b - 93 = -72. What is the highest common divisor of b and a?
7
Suppose 0 = 4*w - 2*w - 8. Calculate the highest common divisor of w and 10.
2
Let d be 1/((-10)/4 - -3). Suppose 2*v + 3*u - 69 = -d*v, 2*u = v - 20. Calculate the highest common factor of 18 and v.
18
Let s be ((-20)/(-8))/((-1)/(-2)). What is the greatest common factor of 55 and s?
5
Let v(x) = x**3 - 5*x**2 - 2*x + 5. Let g be v(5). Let p(i) = -10*i - 10. Let q be p(g). What is the greatest common factor of q and 10?
10
Suppose 3*o + 40 - 106 = 0. What is the greatest common divisor of o and 33?
11
Suppose v - 4 = -4*u, 5*u + 6 = 1. Calculate the greatest common divisor of 56 and v.
8
Let m(x) = -2*x**2 + 4. Let o be m(-4). Let g = o - -55. Suppose -3*b = 2*b - 2*a - g, -5*b = a - 39. Calculate the greatest common divisor of 77 and b.
7
Let l(i) = 6*i - 6. Let d be l(10). What is the highest common factor of d and 135?
27
Let f(s) = 18*s. Let c be f(4). Suppose 2*a + a = c. What is the greatest common factor of a and 12?
12
Suppose -2*x + x - 11 = 0. Let j = x + 16. What is the highest common factor of j and 2?
1
Let u(o) = 7*o**3 - o**2 - 2*o + 2. Let k be u(3). Calculate the highest common factor of 22 and k.
22
Let v be (-4 - -11)/(2/2). Let t = 115 + -52. What is the greatest common factor of t and v?
7
Let z(b) = -b**2 + 7*b + 5. Let c be z(6). Suppose r - 13 = -c. What is the greatest common factor of r and 6?
2
Suppose -d = -27 - 6. What is the highest common factor of d and 44?
11
Suppose 6*k - 10 = 5*k. Calculate the greatest common factor of 35 and k.
5
Let h = 5 + -2. Let s(a) = a**3 + a - 4. Let r be s(h). Let d be (-2)/6*-39*6/2. Calculate the highest common divisor of d and r.
13
Let y be 2 + -60*(-8)/12. Calculate the highest common factor of 6 and y.
6
Let x = -4 + 11. Let o be (-2)/x - 170/(-7). Calculate the highest common divisor of o and 36.
12
Let t = 66 - 42. Calculate the highest common factor of 12 and t.
12
Let o be (-14)/(-4) + (-7)/(-14). Suppose -8 = -3*f + 2*y, -y + 6 = 5*f - 3. Let t be 20/(2/(4/f)). Calculate the highest common factor of o and t.
4
Let r = 89 + -19. What is the greatest common factor of r and 10?
10
Let o = -85 + 4. Let k be 18/o - (-1588)/18. Suppose 5*p - 44 = -4. What is the greatest common divisor of k and p?
8
Let z(p) be the third derivative of p**4/24 + 35*p**3/3 + 5*p**2. Let v be z(0). Suppose 0*m + 3*m = 30. Calculate the highest common divisor of m and v.
10
Let s = -80 + 95. Calculate the greatest common factor of s and 60.
15
Let v be 3*(-5)/(15/(-2)). Let b(i) = 2*i**2 - 2*i + 2. Let f be b(3). Let u = 0 + f. Calculate the greatest common factor of u and v.
2
Suppose 0 = a - 2, 0*n - 4*a = -3*n - 2. Suppose -b - 57 = -n*b. Calculate the greatest common divisor of 19 and b.
19
Let s(i) = -i**3 + 6*i**2 - 6*i + 9. Let b be s(5). Calculate the greatest common factor of b and 32.
4
Let z be (-4 - -2) + 1 + 25. Let p = -16 + z. Let f = -23 + 39. What is the highest common factor of f and p?
8
Let t be (-12)/9*-15*(-3)/(-6). Calculate the greatest common factor of t and 140.
10
Suppose -3*f = -c - 589, -4*f + 2*f + 393 = -c. What is the highest common divisor of f and 28?
28
Let j = 106 + -54. Let k = 73 - j. Let r = -15 + k. What is the highest common divisor of 6 and r?
6
Suppose 0 = -2*m - 3*z + 19, -3*m + 18*z = 13*z. Let y = -40 - -75. Calculate the highest common divisor of y and m.
5
Let h(c) = 11*c**2 + 5*c - 5. Let i be h(1). What is the highest common divisor of 11 and i?
11
Suppose -5*i - 18 = -3*g, g - 18 = -2*g + 3*i. Calculate the greatest common factor of g and 18.
6
Suppose -2*n + 0*n = -24. Let t = n + -2. Calculate the greatest common divisor of t and 5.
5
Suppose 0*w = w - 66. Let f be ((-132)/(-10))/((-3)/(-10)). Calculate the greatest common factor of f and w.
22
Let f be 2 + 11 - (-2)/(-1). What is the highest common divisor of 99 and f?
11
Let a be (-48)/(-10) + (-2)/(-10). Suppose -h = -a*h. Suppose 3*k - 4*f - 32 = -2*k, -5*k + 5*f + 30 = h. What is the highest common divisor of 88 and k?
8
Suppose -16 = 4*b, -2*o + b + 40 = -o. Calculate the greatest common divisor of 48 and o.
12
Let v(g) = g**2 - 10*g + 5. Let p be v(10). Suppose -n = 4*y - 0*y, p*n - y = 84. Calculate the highest common factor of 16 and n.
16
Let o = 58 - 55. What is the greatest common divisor of o and 33?
3
Let v be -2 + (10/5 - -42). What is the greatest common divisor of v and 6?
6
Let d(k) = k**3 - 7*k**2 - 7*k - 5. Let w be d(-5). Let i be ((-4)/(-6))/((-3)/w). What is the highest common divisor of 12 and i?
12
Suppose 7*z - 2*z - 25 = -5*y, 7 = z + 2*y. What is the highest common divisor of z and 3?
3
Let x be 32/2 - (-14)/(-14). What is the greatest common factor of 15 and x?
15
Suppose -3*t + 10 = -8. What is the highest common divisor of t and 9?
3
Let n(d) = d**2 - 1. Let i be n(-5). Calculate the greatest co